{"id":83,"date":"2025-12-10T13:47:42","date_gmt":"2025-12-10T13:47:42","guid":{"rendered":"https:\/\/feuerwehrverein-rietenberg.ch\/?page_id=83"},"modified":"2026-03-29T11:11:52","modified_gmt":"2026-03-29T09:11:52","slug":"cadillac-1934","status":"publish","type":"page","link":"https:\/\/feuerwehrverein-rietenberg.ch\/?page_id=83","title":{"rendered":"Cadillac 1934"},"content":{"rendered":"<h2 class=\"wp-block-heading has-text-align-center\">Cadillac 1934<\/h2>\n<div class=\"wp-block-spacer\" style=\"height: 30px;\" aria-hidden=\"true\"><\/div>\n<div class=\"wp-block-group has-light-gray-background-color has-background\" style=\"border-radius: 12px; padding: 30px;\">\n<p style=\"line-height: 1.6;\">Dieses Fahrzeug war das <strong>erste Feuerwehrauto in Villmergen<\/strong>. Urspr\u00fcnglich wurde es von der Bally Schuhfabrik gekauft und sp\u00e4ter von einem Direktionsfahrzeug zu einem Feuerwehrfahrzeug umgebaut.<\/p>\n<\/div>\n<div class=\"wp-block-spacer\" style=\"height: 30px;\" aria-hidden=\"true\"><\/div>\n<div class=\"wp-block-columns is-stacked-on-mobile\">\n<div class=\"wp-block-column\">\n<figure class=\"wp-block-image size-full is-style-default\"><img loading=\"lazy\" decoding=\"async\" width=\"600\" height=\"800\" class=\"wp-image-179\" style=\"border-radius: 12px;\" src=\"https:\/\/feuerwehrverein-rietenberg.ch\/wp-content\/uploads\/2026\/03\/IMG_20190308_175206.jpg\" alt=\"Cadillac 1934 Ansicht 1\" srcset=\"https:\/\/feuerwehrverein-rietenberg.ch\/wp-content\/uploads\/2026\/03\/IMG_20190308_175206.jpg 600w, https:\/\/feuerwehrverein-rietenberg.ch\/wp-content\/uploads\/2026\/03\/IMG_20190308_175206-225x300.jpg 225w\" sizes=\"auto, (max-width: 600px) 100vw, 600px\" \/><\/figure>\n<\/div>\n<div class=\"wp-block-column\">\n<figure class=\"wp-block-image size-full is-style-default\"><img loading=\"lazy\" decoding=\"async\" width=\"600\" height=\"800\" class=\"wp-image-180\" style=\"border-radius: 12px;\" src=\"https:\/\/feuerwehrverein-rietenberg.ch\/wp-content\/uploads\/2026\/03\/IMG_20190308_175230.jpg\" alt=\"Cadillac 1934 Ansicht 2\" srcset=\"https:\/\/feuerwehrverein-rietenberg.ch\/wp-content\/uploads\/2026\/03\/IMG_20190308_175230.jpg 600w, https:\/\/feuerwehrverein-rietenberg.ch\/wp-content\/uploads\/2026\/03\/IMG_20190308_175230-225x300.jpg 225w\" sizes=\"auto, (max-width: 600px) 100vw, 600px\" \/><\/figure>\n<\/div>\n<\/div>\n<div class=\"wp-block-spacer\" style=\"height: 30px;\" aria-hidden=\"true\"><\/div>\n<div class=\"wp-block-columns is-stacked-on-mobile\">\n<div class=\"wp-block-column\" style=\"background-color: #f8f9fa; border: 1px solid #e2e8f0; border-radius: 12px; padding: 25px;\">\n<h4 style=\"color: #cc0000; margin-top: 0;\">Der Weg zur\u00fcck<\/h4>\n<p>Viele Jahre war das Fahrzeug bei der Garage Dubler in Wohlen untergebracht. Nach einiger Zeit konnte der Feuerwehrverein Rietenberg das Fahrzeug gl\u00fccklicherweise zur\u00fcckkaufen.<\/p>\n<\/div>\n<div class=\"wp-block-column\" style=\"background-color: #f8f9fa; border: 1px solid #e2e8f0; border-radius: 12px; padding: 25px;\">\n<h4 style=\"color: #cc0000; margin-top: 0;\">Neuer Glanz<\/h4>\n<p>Nach einer kompletten Restaurierung mit viel Liebe zum Detail erstrahlt der Cadillac heute wieder in vollem Glanz und ist der Stolz unseres Vereins.<\/p>\n<\/div>\n<\/div>\n<div class=\"wp-block-spacer\" style=\"height: 40px;\" aria-hidden=\"true\"><\/div>\n<div class=\"wp-block-group has-light-gray-background-color has-background\" style=\"border-style: dashed; border-width: 2px; border-radius: 12px; padding: 20px;\">\n<p class=\"has-text-align-center\"><em>Hier ist Platz f\u00fcr technische Details (z.B. PS, Hubraum) oder weitere Bilder der Restaurierung.<\/em><\/p>\n<\/div>\n","protected":false},"excerpt":{"rendered":"<p>Cadillac 1934 Dieses Fahrzeug war das erste Feuerwehrauto in Villmergen. Urspr\u00fcnglich wurde es von der Bally Schuhfabrik gekauft und sp\u00e4ter von einem Direktionsfahrzeug zu einem Feuerwehrfahrzeug umgebaut. Der Weg zur\u00fcck Viele Jahre war das Fahrzeug bei der Garage Dubler in Wohlen untergebracht. Nach einiger Zeit konnte der Feuerwehrverein Rietenberg das Fahrzeug gl\u00fccklicherweise zur\u00fcckkaufen. Neuer Glanz &hellip; <\/p>\n<p class=\"link-more\"><a href=\"https:\/\/feuerwehrverein-rietenberg.ch\/?page_id=83\" class=\"more-link\">Lies den gesamten Beitrag &rarr;<span class=\"screen-reader-text\">\u201eCadillac 1934\u201c<\/span><\/a><\/p>\n","protected":false},"author":1,"featured_media":0,"parent":0,"menu_order":0,"comment_status":"closed","ping_status":"closed","template":"","meta":{"footnotes":""},"class_list":["post-83","page","type-page","status-publish","hentry"],"_links":{"self":[{"href":"https:\/\/feuerwehrverein-rietenberg.ch\/index.php?rest_route=\/wp\/v2\/pages\/83","targetHints":{"allow":["GET"]}}],"collection":[{"href":"https:\/\/feuerwehrverein-rietenberg.ch\/index.php?rest_route=\/wp\/v2\/pages"}],"about":[{"href":"https:\/\/feuerwehrverein-rietenberg.ch\/index.php?rest_route=\/wp\/v2\/types\/page"}],"author":[{"embeddable":true,"href":"https:\/\/feuerwehrverein-rietenberg.ch\/index.php?rest_route=\/wp\/v2\/users\/1"}],"replies":[{"embeddable":true,"href":"https:\/\/feuerwehrverein-rietenberg.ch\/index.php?rest_route=%2Fwp%2Fv2%2Fcomments&post=83"}],"version-history":[{"count":4,"href":"https:\/\/feuerwehrverein-rietenberg.ch\/index.php?rest_route=\/wp\/v2\/pages\/83\/revisions"}],"predecessor-version":[{"id":254,"href":"https:\/\/feuerwehrverein-rietenberg.ch\/index.php?rest_route=\/wp\/v2\/pages\/83\/revisions\/254"}],"wp:attachment":[{"href":"https:\/\/feuerwehrverein-rietenberg.ch\/index.php?rest_route=%2Fwp%2Fv2%2Fmedia&parent=83"}],"curies":[{"name":"wp","href":"https:\/\/api.w.org\/{rel}","templated":true}]}}