{"id":49,"date":"2025-12-10T13:42:32","date_gmt":"2025-12-10T13:42:32","guid":{"rendered":"https:\/\/feuerwehrverein-rietenberg.ch\/?page_id=49"},"modified":"2026-03-29T11:28:28","modified_gmt":"2026-03-29T09:28:28","slug":"statuten","status":"publish","type":"page","link":"https:\/\/feuerwehrverein-rietenberg.ch\/?page_id=49","title":{"rendered":"Statuten"},"content":{"rendered":"<h2 class=\"wp-block-heading has-text-align-center\">Statuten des Feuerwehrvereins Rietenberg<\/h2>\n<p class=\"has-text-align-center\"><em>(Politisch und konfessionell neutraler Verein im Sinne von Art. 60ff des ZGB)<\/em><\/p>\n<div class=\"wp-block-spacer\" style=\"height: 30px;\" aria-hidden=\"true\"><\/div>\n<div class=\"wp-block-group has-light-gray-background-color has-background\" style=\"border-radius: 12px; padding: 25px;\">\n<h3 style=\"color: #cc0000; margin-top: 0;\">I. Name, Sitz und Zweck<\/h3>\n<p><strong>Art. 1: Name und Sitz<\/strong><br \/>\nUnter dem Namen Feuerwehrverein Rietenberg, im folgenden FVR genannt, besteht mit Sitz in Villmergen ein politisch und konfessionell neutraler Verein von aktiven und ehemaligen Feuerwehrangeh\u00f6rigen der Feuerwehren Rietenberg, Villmergen, Dintikon und Hilfikon, sowie den ehemaligen Vorstands- und Feuerwehrkommissionsmitgliedern der Gemeinden Villmergen, Dintikon und Hilfikon[cite: 14, 15]. Der FVR ist ein Verein im Sinne von Art. 60ff des ZGB[cite: 15].<\/p>\n<p><strong>Art. 2: Zweck<\/strong><br \/>\nDer FVR ist das Bindeglied zwischen ehemaligen und aktiven Feuerwehrangeh\u00f6rigen[cite: 15]. Er bezweckt die Pflege der Kameradschaft und F\u00f6rderung der ausserdienstlichen T\u00e4tigkeit[cite: 15]. Er setzt sich f\u00fcr den Erhalt und die Pflege von altem, historischen Feuerwehrmaterial ein[cite: 15]. Der Verein veranstaltet Anl\u00e4sse rund um das Feuerwehrwesen, sowie Zusammenk\u00fcnfte geselliger Art[cite: 15]. Der Verein kann auch an T\u00e4tigkeiten teilnehmen, die der Kultur oder dem sportlichen Geiste dienen[cite: 15].<\/p>\n<\/div>\n<div class=\"wp-block-spacer\" style=\"height: 20px;\" aria-hidden=\"true\"><\/div>\n<div class=\"wp-block-group has-light-gray-background-color has-background\" style=\"border-radius: 12px; padding: 25px;\">\n<h3 style=\"color: #cc0000; margin-top: 0;\">II. Mitgliedschaft<\/h3>\n<p><strong>Art. 3: Mitgliederkategorien<\/strong><br \/>\na) Mitglieder: Es k\u00f6nnen alle die in einer Feuerwehr aktiv eingeteilt sind und alle ehemaligen Feuerwehrangeh\u00f6rigen Mitglied werden[cite: 15]. Personen welche keinen Feuerwehrdienst leisten, k\u00f6nnen bei Interesse, durch die Zustimmung der Generalversammlung Mitglied werden [cite: 15].<br \/>\nb) Ehrenmitglieder: Der FVR kann Mitglieder, die sich um den Verein besonders verdient gemacht haben, zu Ehrenmitgliedern ernennen[cite: 15]. Die Ernennung erfolgt auf Antrag des Vorstandes durch die Generalversammlung (GV)[cite: 15]. Ehrenmitglieder besitzen das Stimm- und Wahlrecht[cite: 15].<\/p>\n<p><strong>Art. 4: Erwerb der Mitgliedschaft<\/strong><br \/>\nDie Aufnahme erfolgt nach Anmeldung an den Vorstand durch die GV[cite: 15]. Jedes neu eintretende Mitglied erh\u00e4lt die Statuten und anerkennt die damit verbundenen Pflichten stillschweigend[cite: 15].<\/p>\n<p><strong>Art. 5: Jahresbeitrag<\/strong><br \/>\nDer Jahresbeitrag wird durch die GV festgelegt und darf Fr. 100.&#8211; nicht \u00fcberschreiten[cite: 15]. Ehrenmitglieder und der Vorstand sind befreit[cite: 15].<\/p>\n<p><strong>Art. 6: Austritt<\/strong><br \/>\nErfolgt durch schriftliche Erkl\u00e4rung an den Vorstand und kann jederzeit erfolgen[cite: 15]. Bereits f\u00e4llige Beitr\u00e4ge m\u00fcssen gezahlt werden[cite: 15].<\/p>\n<p><strong>Art. 7: Ausschluss<\/strong><br \/>\nMitglieder, die die Interessen des FVR verletzen, k\u00f6nnen durch die GV ausgeschlossen werden[cite: 15].<\/p>\n<\/div>\n<div class=\"wp-block-spacer\" style=\"height: 20px;\" aria-hidden=\"true\"><\/div>\n<div class=\"wp-block-group has-light-gray-background-color has-background\" style=\"border-radius: 12px; padding: 25px;\">\n<h3 style=\"color: #cc0000; margin-top: 0;\">III. Pflichten &amp; IV. Organisation<\/h3>\n<p><strong>Art. 8: Pflichten<\/strong><br \/>\nMitglieder verpflichten sich zum Beitrag, zum Besuch der GV und zur Mitwirkung an Anl\u00e4ssen[cite: 15].<\/p>\n<p><strong>Art. 9: Organe<\/strong><br \/>\nDie Organe sind: a) Generalversammlung, b) Vorstand, c) Rechnungsrevisoren[cite: 15].<\/p>\n<p><strong>Art. 10 &amp; 11: Generalversammlung<\/strong><br \/>\nDie GV ist das oberste Organ, findet im ersten Semester statt und wird 20 Tage vorher schriftlich eingeladen[cite: 15]. Gesch\u00e4fte umfassen u.a. Mutationen, Jahresbericht, Kassa, Wahlen und Jahresprogramm[cite: 15].<\/p>\n<p><strong>Art. 12 &amp; 13: Wahlen &amp; Antr\u00e4ge<\/strong><br \/>\nWahlen erfolgen durch Handmehr[cite: 19]. Antr\u00e4ge m\u00fcssen 14 Tage vor der GV schriftlich beim Pr\u00e4sidenten sein[cite: 23].<\/p>\n<p><strong>Art. 14 &amp; 15: Vorstand<\/strong><br \/>\nBesteht aus 5 bis 7 Mitgliedern (Pr\u00e4sident, Vize, Aktuar, Kassier, 1-3 Beisitzer)[cite: 26]. Amtsdauer 2 Jahre[cite: 27]. Der Kommandant der FW Rietenberg geh\u00f6rt von Amtes wegen dem Vorstand an[cite: 29].<\/p>\n<\/div>\n<div class=\"wp-block-spacer\" style=\"height: 20px;\" aria-hidden=\"true\"><\/div>\n<div class=\"wp-block-group has-light-gray-background-color has-background\" style=\"border-radius: 12px; padding: 25px;\">\n<h3 style=\"color: #cc0000; margin-top: 0;\">V. Finanzielles bis VII. Schlussbestimmungen<\/h3>\n<p><strong>Art. 17 &amp; 18: Finanzen &amp; Haftung<\/strong><br \/>\nFinanzierung durch Beitr\u00e4ge, Schenkungen und Anl\u00e4sse[cite: 48, 49, 50, 51, 52]. F\u00fcr Verbindlichkeiten haftet allein das Vereinsverm\u00f6gen[cite: 56].<\/p>\n<p><strong>Art. 19 &amp; 20: Revision &amp; Aufl\u00f6sung<\/strong><br \/>\nStatutenrevisionen ben\u00f6tigen zwei Drittel Zustimmung der Anwesenden[cite: 60]. Bei Aufl\u00f6sung wird das Verm\u00f6gen bei der Gemeinde Villmergen f\u00fcr maximal 10 Jahre deponiert[cite: 65].<\/p>\n<p><strong>Art. 21 &amp; 22: Schlussbestimmungen<\/strong><br \/>\nDer FVR hat keinen Einfluss auf die T\u00e4tigkeit der Feuerwehr Rietenberg[cite: 71]. Diese Statuten treten am Tage der Annahme in Kraft[cite: 72].<\/p>\n<p style=\"border-top: 1px solid #ccc; padding-top: 10px; margin-top: 10px;\"><em>Statutenrevision vom 7. M\u00e4rz 2025 [cite: 74]<br \/>\nPr\u00e4sident: Bruno N\u00fcbling\u00a0 | Aktuar: Oskar Koch\u00a0<\/em><\/p>\n<\/div>\n<div class=\"wp-block-spacer\" style=\"height: 40px;\" aria-hidden=\"true\"><\/div>\n<div class=\"wp-block-group\" style=\"border-radius: 12px; padding: 25px; border: 2px dashed #cc0000;\">\n<h4 class=\"has-text-align-center\" style=\"margin-top: 0;\">Originaldokument herunterladen<\/h4>\n<div class=\"wp-block-file has-text-align-center\"><a href=\"https:\/\/feuerwehrverein-rietenberg.ch\/wp-content\/uploads\/2026\/03\/FW-Verein-Statuten-2025-final-fuer-Versand-verkleinert.pdf\" target=\"_blank\" rel=\"noopener\">FW-Verein Statuten 2025 finalStatuten 2025 (PDF)<\/a><\/div>\n<\/div>\n","protected":false},"excerpt":{"rendered":"<p>Statuten des Feuerwehrvereins Rietenberg (Politisch und konfessionell neutraler Verein im Sinne von Art. 60ff des ZGB) I. Name, Sitz und Zweck Art. 1: Name und Sitz Unter dem Namen Feuerwehrverein Rietenberg, im folgenden FVR genannt, besteht mit Sitz in Villmergen ein politisch und konfessionell neutraler Verein von aktiven und ehemaligen Feuerwehrangeh\u00f6rigen der Feuerwehren Rietenberg, Villmergen, &hellip; <\/p>\n<p class=\"link-more\"><a href=\"https:\/\/feuerwehrverein-rietenberg.ch\/?page_id=49\" class=\"more-link\">Lies den gesamten Beitrag &rarr;<span class=\"screen-reader-text\">\u201eStatuten\u201c<\/span><\/a><\/p>\n","protected":false},"author":1,"featured_media":0,"parent":0,"menu_order":0,"comment_status":"closed","ping_status":"closed","template":"","meta":{"footnotes":""},"class_list":["post-49","page","type-page","status-publish","hentry"],"_links":{"self":[{"href":"https:\/\/feuerwehrverein-rietenberg.ch\/index.php?rest_route=\/wp\/v2\/pages\/49","targetHints":{"allow":["GET"]}}],"collection":[{"href":"https:\/\/feuerwehrverein-rietenberg.ch\/index.php?rest_route=\/wp\/v2\/pages"}],"about":[{"href":"https:\/\/feuerwehrverein-rietenberg.ch\/index.php?rest_route=\/wp\/v2\/types\/page"}],"author":[{"embeddable":true,"href":"https:\/\/feuerwehrverein-rietenberg.ch\/index.php?rest_route=\/wp\/v2\/users\/1"}],"replies":[{"embeddable":true,"href":"https:\/\/feuerwehrverein-rietenberg.ch\/index.php?rest_route=%2Fwp%2Fv2%2Fcomments&post=49"}],"version-history":[{"count":6,"href":"https:\/\/feuerwehrverein-rietenberg.ch\/index.php?rest_route=\/wp\/v2\/pages\/49\/revisions"}],"predecessor-version":[{"id":266,"href":"https:\/\/feuerwehrverein-rietenberg.ch\/index.php?rest_route=\/wp\/v2\/pages\/49\/revisions\/266"}],"wp:attachment":[{"href":"https:\/\/feuerwehrverein-rietenberg.ch\/index.php?rest_route=%2Fwp%2Fv2%2Fmedia&parent=49"}],"curies":[{"name":"wp","href":"https:\/\/api.w.org\/{rel}","templated":true}]}}